8
What is the millions digit of 119422166?
9
What is the hundred thousands digit of 60672114?
6
What is the millions digit of 589723330?
9
What is the millions digit of 3975618149?
5
What is the hundred thousands digit of 67141957?
1
What is the millions digit of 1714598459?
4
What is the billions digit of 2571502943?
2
What is the ten thousands digit of 160758111?
5
What is the hundred thousands digit of 24481355?
4
What is the thousands digit of 11787785?
7
What is the millions digit of 31991472?
1
What is the hundreds digit of 179413249?
2
What is the thousands digit of 75697389?
7
What is the hundred thousands digit of 3483400?
4
What is the ten thousands digit of 277314556?
1
What is the millions digit of 2132067616?
2
What is the thousands digit of 133773139?
3
What is the tens digit of 29898338?
3
What is the tens digit of 1522311242?
4
What is the hundreds digit of 2258512?
5
What is the units digit of 1960668652?
2
What is the thousands digit of 4281498352?
8
What is the tens digit of 53940712?
1
What is the units digit of 917598301?
1
What is the ten thousands digit of 1324610967?
1
What is the thousands digit of 511001879?
1
What is the hundred thousands digit of 47228681?
2
What is the ten millions digit of 54046647?
5
What is the hundred millions digit of 444773095?
4
What is the millions digit of 27548128?
7
What is the thousands digit of 293759367?
9
What is the hundred millions digit of 234227114?
2
What is the units digit of 134525632?
2
What is the hundred millions digit of 330107885?
3
What is the ten thousands digit of 32672669?
7
What is the hundreds digit of 156517272?
2
What is the thousands digit of 1304072019?
2
What is the hundreds digit of 4478070387?
3
What is the hundreds digit of 30753415?
4
What is the ten millions digit of 46558799?
4
What is the hundred millions digit of 497571971?
4
What is the hundred thousands digit of 1129836584?
8
What is the ten millions digit of 25007430?
2
What is the hundred millions digit of 145611312?
1
What is the tens digit of 52522991?
9
What is the units digit of 617081536?
6
What is the ten millions digit of 2586800909?
8
What is the hundreds digit of 181337953?
9
What is the units digit of 51368728?
8
What is the billions digit of 2572620597?
2
What is the hundred millions digit of 208200307?
2
What is the tens digit of 15110544?
4
What is the thousands digit of 48461305?
1
What is the ten millions digit of 51544414?
5
What is the ten thousands digit of 2432555?
3
What is the ten thousands digit of 748066682?
6
What is the millions digit of 31492046?
1
What is the units digit of 53894862?
2
What is the units digit of 606406641?
1
What is the tens digit of 1723465649?
4
What is the ten millions digit of 446563652?
4
What is the hundreds digit of 4007951607?
6
What is the ten millions digit of 560937139?
6
What is the hundreds digit of 2975355414?
4
What is the ten thousands digit of 5602469997?
6
What is the ten millions digit of 564653654?
6
What is the ten thousands digit of 73948060?
4
What is the tens digit of 197561572?
7
What is the tens digit of 53963937?
3
What is the millions digit of 1611020513?
1
What is the hundred thousands digit of 136865264?
8
What is the hundred thousands digit of 792944484?
9
What is the ten millions digit of 15296765?
1
What is the units digit of 181290500?
0
What is the hundreds digit of 405755296?
2
What is the thousands digit of 334107276?
7
What is the units digit of 3847476140?
0
What is the thousands digit of 115375603?
5
What is the tens digit of 12361384?
8
What is the tens digit of 94370950?
5
What is the hundred thousands digit of 153150368?
1
What is the ten thousands digit of 1539563339?
6
What is the millions digit of 1610012617?
0
What is the millions digit of 249186305?
9
What is the billions digit of 1965849400?
1
What is the ten thousands digit of 1057138649?
3
What is the ten thousands digit of 910277205?
7
What is the hundred thousands digit of 2237170022?
1
What is the ten thousands digit of 11473583?
7
What is the hundred thousands digit of 645196266?
1
What is the tens digit of 459119829?
2
What is the ten millions digit of 16257998?
1
What is the hundreds digit of 560768589?
5
What is the thousands digit of 3258151782?
1
What is the thousands digit of 65276343?
6
What is the hundreds digit of 230491036?
0
What is the units digit of 1463398109?
9
What is the units digit of 1139278866?
6
What is the hundred millions digit of 216265696?
2
What is the units digit of 121738256?
6
What is the ten thousands digit of 2436600346?
0
What is the hundreds digit of 234069983?
9
What is the millions digit of 6403972485?
3
What is the hundred thousands digit of 4520570001?
5
What is the tens digit of 408741956?
5
What is the units digit of 74354238?
8
What is the hundred thousands digit of 559659228?
6
What is the hundred thousands digit of 1376153721?
1
What is the hundred millions digit of 3180958084?
1
What is the hundreds digit of 1621864?
8
What is the billions digit of 2296661846?
2
What is the tens digit of 25552881?
8
What is the thousands digit of 5277032115?
2
What is the units digit of 1389721?
1
What is the ten millions digit of 244548869?
4
What is the millions digit of 787228732?
7
What is the billions digit of 7298616556?
7
What is the tens digit of 1327461078?
7
What is the ten thousands digit of 13083886?
8
What is the ten millions digit of 72965713?
7
What is the ten millions digit of 179476845?
7
What is the units digit of 42423558?
8
What is the units digit of 190825132?
2
What is the hundreds digit of 6069498183?
1
What is the hundred thousands digit of 1830619525?
6
What is the thousands digit of 2670114998?
4
What is the ten thousands digit of 60388663?
8
What is the hundreds digit of 2235610?
6
What is the ten thousands digit of 303685674?
8
What is the tens digit of 80854019?
1
What is the thousands digit of 391788298?
8
What is the units digit of 138404672?
2
What is the millions digit of 956864963?
6
What is the hundred millions digit of 101401411?
1
What is the hundreds digit of 283400060?
0
What is the thousands digit of 1847571740?
1
What is the thousands digit of 574639502?
9
What is the units digit of 2525655767?
7
What is the hundreds digit of 3919156566?
5
What is the ten millions digit of 1889616147?
8
What is the units digit of 500450389?
9
What is the hundred millions digit of 2687355280?
6
What is the units digit of 4041486277?
7
What is the hundred millions digit of 1549368226?
5
What is the tens digit of 803387?
8
What is the hundred thousands digit of 102003486?
0
What is the hundreds digit of 9924614073?
0
What is the thousands digit of 188926675?
6
What is the hundreds digit of 18816362?
3
What is the thousands digit of 129702320?
2
What is the hundreds digit of 748949440?
4
What is the ten millions digit of 2445468698?
4
What is the tens digit of 2809680195?
9
What is the billions digit of 1566641352?
1
What is the millions digit of 240907329?
0
What is the tens digit of 149977648?
4
What is the ten thousands digit of 330037433?
3
What is the hundred millions digit of 336382445?
3
What is the units digit of 32643412?
2
What is the hundreds digit of 155393659?
6
What is the ten thousands digit of 3145312?
4
What is the hundreds digit of 19325369?
3
What is the hundreds digit of 166055726?
7
What is the millions digit of 420508827?
0
What is the thousands digit of 1076647601?
7
What is the ten millions digit of 20141823?
2
What is the millions digit of 68570750?
8
What is the hundreds digit of 3651162534?
5
What is the thousands digit of 1089258758?
8
What is the hundred thousands digit of 250722573?
7
What is the hundreds digit of 153535947?
9
What is the tens digit of 89336427?
2
What is the tens digit of 52495857?
5
What is the units digit of 49218940?
0
What is the hundred thousands digit of 83539882?
5
What is the units digit of 21049340?
0
What is the units digit of 12590450?
0
What is the hundreds digit of 2230945893?
8
What is the tens digit of 200501337?
3
What is the millions digit of 217892121?
7
What is the thousands digit of 14109695?
9
What is the hundred thousands digit of 4350943839?
9
What is the millions digit of 124294690?
4
What is the hundred thousands digit of 13490218